1573 - 758 = -5*h - g, -1397 = -3*h + g. Suppose 0 = t - 4*i - h, i = -2*t + 2*i + 953. What are the prime factors of t?
2, 239
Let k(o) = 301*o + 1. Suppose 14*c = c + 13. Let a be k(c). Suppose -3*z + 8 = z, -4*z = 3*n - a. List the prime factors of n.
2, 7
Suppose 121*v - 262*v + 7034913 = 0. What are the prime factors of v?
3, 16631
Let s(y) = -y. Let r(x) = -4*x + 25. Let c(w) = r(w) - 5*s(w). Let t be c(-9). List the prime factors of 1/4 + 364/t.
23
Let p(k) = -6*k - 100. Let i be p(-17). Suppose 1646 = 4*j - 2*l, 2*l + i*l = 5*j - 2062. List the prime factors of j.
2, 5, 41
List the prime factors of 228*(-70)/168*-15.
3, 5, 19
Let f = 12250 + -4711. What are the prime factors of f?
3, 7, 359
Let g = -13 - 27. Let n = -40 - g. Suppose 4*j - 184 = -n*j. What are the prime factors of j?
2, 23
Let b(y) = 6*y**2 - 170*y - 100. List the prime factors of b(37).
2, 3, 19
Suppose 146069 - 49787 = 27*l. List the prime factors of l.
2, 1783
Suppose 3*q + 11812*j - 11807*j = 167394, 2*q - 111606 = -5*j. What are the prime factors of q?
2, 3, 4649
Let p be (10/15)/((-2)/(-12)). List the prime factors of 8/20*1220/p.
2, 61
Let z be -9*(12/20 - 89870/75). List the prime factors of (-18)/81 - z/(-27).
3, 7, 19
Suppose 5*b - 40*b + 513105 = -2208880. What are the prime factors of b?
83, 937
Let m(l) = 38*l**2 + 56*l + 289. What are the prime factors of m(14)?
8521
Let m = 3024 + -689. What are the prime factors of m?
5, 467
Let o(h) = -h**3 - 2*h**2 - 1. Let b be o(-3). Suppose 5 = 13*n - b*n. What are the prime factors of 1*(n/5 + (-192)/(-15))?
13
Let j be (-63)/147 - (-5828)/(-7). Let s = j - -1447. List the prime factors of s.
2, 307
Suppose -10*x + 788 + 1812 = 0. Suppose 3*b - 178 = x. What are the prime factors of b?
2, 73
List the prime factors of 3366*((-6)/21*(-12 - -26) + 5).
2, 3, 11, 17
Let a = -309 + 1399. What are the prime factors of a?
2, 5, 109
Suppose a = -5*l + 3329 - 630, -2*a - 4*l = -5374. Let i be (-2)/(36/a) - 3/18. Let j = i - -272. List the prime factors of j.
3, 41
Let a be 6 + -24 + -7 + 10. What are the prime factors of (-9117)/a + (-2)/(-10)?
2, 19
Let z(r) = r**3 + 8*r**2 - 29*r + 13. Let v(u) = -u**2 - 3*u - 1. Let c(g) = -4*v(g) + z(g). List the prime factors of c(-10).
3, 43
What are the prime factors of 3 + -1 - (-3)/((-3)/(-8666))?
2, 11, 197
Let s(j) = -4149*j + 6690. List the prime factors of s(-14).
2, 3, 2699
Suppose -3351*i + d + 67494 = -3350*i, -134992 = -2*i + d. List the prime factors of i.
2, 33749
Let d(g) = 354*g**2 - 33*g - 1. List the prime factors of d(4).
5531
Let l(f) = f**2 - f + 24. Let a be l(-8). Let o = -92 + a. List the prime factors of ((-78)/o)/(3*3/(-90)).
3, 5, 13
Let v(c) = -146*c**3 + 6*c**2 - 48*c - 395. List the prime factors of v(-8).
5, 601
Let b = 4437 + 1684. List the prime factors of b.
6121
Suppose 5*h = 5*u + 1105, 0 = -2*h - 3*h + u + 1117. List the prime factors of (-9)/((-18)/h) - (-20 + 16).
2, 29
Suppose 3*y - 1407 = -w, -2*y - 1395 = -5*y - 5*w. Suppose 6*h - y - 3652 = 0. List the prime factors of h.
3, 229
Let n = -212 + 187. Let r(d) = 2*d**3 + 52*d**2 + 23*d - 19. List the prime factors of r(n).
2, 41
Let z = 11359 - 2469. What are the prime factors of (18/15)/(28/z)?
3, 127
Suppose 4*w - 7 = -67. Let s(c) = -11*c + 29. What are the prime factors of s(w)?
2, 97
Suppose 3*y = 3*k + 14382, 2*y + 3*y - 4*k - 23971 = 0. Suppose 313*t - 318*t = -y. What are the prime factors of t?
7, 137
Let c be ((9 - 2) + -1)*(-2)/6. Let t(s) = 4*s + 9. Let x(v) = 3*v + 8. Let h(r) = -4*t(r) + 3*x(r). What are the prime factors of h(c)?
2
Suppose -15 = 3*j, -6*w + w = -4*j - 5. Let f(m) = -107*m + 29. Let p(g) = 36*g - 10. Let y(a) = 6*f(a) + 17*p(a). List the prime factors of y(w).
2, 47
Suppose 0 = g - 4*x - 2009, 579*x = -5*g + 581*x + 9991. List the prime factors of g.
1997
Let r(n) = -10*n - 58. Let u be r(-6). What are the prime factors of (u/6)/(-4*1/(-1668))?
139
Suppose 20*c - 212 = -52. Suppose -2187 = -c*x + 1869. What are the prime factors of x?
3, 13
Let x(q) = -2*q**2 + 191*q + 186. What are the prime factors of x(74)?
2, 421
Suppose -21*s - 19 = -82. Suppose 5*x - 2*f - 1256 = 0, s*f = 9*x - 5*x - 1002. List the prime factors of x.
2, 3, 7
Let u(y) = 96*y + 106. Let x(v) = -19*v - 21. Let j(b) = -3*u(b) - 16*x(b). List the prime factors of j(16).
2, 137
Suppose -b + 45 = -28. Suppose 8*f = b - 553. Let o = -55 - f. List the prime factors of o.
5
Let v be 14*(1 + 5/(-70)*10). Suppose 278 = x + v*z, -2 = -0*z - z. List the prime factors of x.
2, 3, 5
Let f be (4/(-3))/(18/(-27)). Let w(y) = 6*y**2 + 6*y + 11. Let r be w(6). Suppose -2*a + 0*c = 2*c - 108, 5*a - f*c = r. List the prime factors of a.
53
Suppose i - 5*k - 2711 = 0, -5*i - 4*k + 7704 = -5996. Suppose -i = -5*z - 4*a - 291, a = -5. What are the prime factors of z?
17, 29
Suppose c = -5*p + 324391, -81427 = -2*p - 5*c + 48357. What are the prime factors of p?
64877
Suppose -680*c + 1353*c + 9672 = 674*c. List the prime factors of c.
2, 3, 13, 31
Suppose 37*v = 259*v - 1470951 - 1072947. List the prime factors of v.
7, 1637
Let q = -309 + 300. Let r(x) = x**2 - 37*x + 2. List the prime factors of r(q).
2, 13
List the prime factors of (-41)/(-164) + (-40331)/(-4) - -7.
2, 5, 1009
Let w = -14 - -6. Let u = 75 - 74. What are the prime factors of 40/w*u*-7?
5, 7
Let y(v) = 7*v**2 + 193*v + 159. What are the prime factors of y(-58)?
3, 43, 97
Let f = 3847 + -893. What are the prime factors of f?
2, 7, 211
Suppose 0 = 34*c + 4*c - 600552. List the prime factors of c.
2, 3, 439
Let x be 32/10 + -1 + (-73)/365. Suppose -4*f - 2*h = -20, 4*h = -x*f - 21 + 37. List the prime factors of f.
2
Suppose 5*h - h = -u + 10, 2*u - 2 = -2*h. Suppose -m - 4 = -5*r, -5*m = h*r + 1 - 9. List the prime factors of 96*r + -3 + 0.
3, 31
Let t(x) = 7249*x**2 - 46*x - 72. What are the prime factors of t(-2)?
2, 3, 13, 31
Suppose -618*a = -614*a - 20056. List the prime factors of a.
2, 23, 109
Suppose -5*w + 4388 = -2832. Suppose 4*o = -i + 2854, 5*o = 5*i + 2111 + w. List the prime factors of o.
23, 31
Let h = -37598 + 74154. List the prime factors of h.
2, 13, 19, 37
Let z(q) = 16*q**3 - 5*q**2 - 7*q + 3. Let g be z(5). Suppose -g = 10*p - 12163. What are the prime factors of p?
2, 3, 43
Let x(z) = -2*z**3 + 34*z**2 + 4*z + 57. Let i be x(20). Let q = -955 - i. List the prime factors of q.
2, 3, 109
Suppose -3*f = v - 2, -3*f - 4*v - 6 = -23. Let j be (-3 + (0 - f))/(-1). Suppose 5*m - 85 = -j*l, 4*l - 95 = 2*l + 5*m. List the prime factors of l.
3, 5
Suppose 0 = 5*r + 2*v - 30, -4*r + 5*v - 1 = 8. Suppose 9252 = r*g + 8*g. What are the prime factors of g?
3, 257
Let i(s) = 2351*s - 877. What are the prime factors of i(4)?
8527
Let z(c) be the third derivative of 259*c**5/60 + c**4/24 + 3*c**3/2 + 297*c**2. What are the prime factors of z(-2)?
7, 149
Suppose 2*o = -4*w + 351837 - 48635, 0 = -4*o - 36. What are the prime factors of w?
5, 15161
Let t = -2566 + 7702. List the prime factors of t.
2, 3, 107
Let w(y) = y**3 - 10*y**2 + 2*y - 5. Let h be w(10). Let o = 17 - h. Suppose -k - 2*s + 4*s + 94 = 0, 3*k = -o*s + 266. List the prime factors of k.
2, 3, 5
Let x = -2045 + -344. Let f = x - -3441. List the prime factors of f.
2, 263
Suppose 5*c - 12215 = -5*h, -4*h + 9784 = 4*c - 2*c. List the prime factors of h.
31, 79
Let l(d) = 14*d**2 - 21*d - 502. What are the prime factors of l(27)?
9137
Let p(r) = -8*r**2 - r + 31. Let x be p(0). Let l be (8/3 - 3)*0. Suppose -2*f + 7*i - 2*i + x = 0, l = -f + 5*i + 18. What are the prime factors of f?
13
Suppose -17*v - 24 = -14*v. Let f = v - -17. Suppose -1560 = -15*i + f*i. List the prime factors of i.
2, 5, 13
Suppose -214 = 4*g + 26. What are the prime factors of 5*((-4)/(g/423) - 3)?
2, 3, 7
Let u be ((-12)/8)/(1*(-6)/8). Suppose -u*o = -16 + 10. Suppose -o*g + 121 = -173. What are the prime factors of g?
2, 7
Let a(y) = 41 - 22 + 254*y - 24 + 10*y. Let b be a(3). Let j = -527 + b. List the prime factors of j.
2, 5, 13
Suppose 13*n - 73524 + 2937 = 2*n. List the prime factors of n.
3, 23, 31
Let q = 976 + -1427. Let d = -172 - q. List the prime factors of d.
3, 31
Let b = -61 + 117. Suppose 59*l = b*l. Suppose l = -44*g + 47*g - 348. List the prime factors of g.
2, 29
Suppose 34*p = 25*p + 10